{"id":18,"date":"2025-12-02T10:41:39","date_gmt":"2025-12-02T09:41:39","guid":{"rendered":"https:\/\/3sport2025.ppawebdesign.com\/a4\/?page_id=18"},"modified":"2025-12-04T16:25:36","modified_gmt":"2025-12-04T15:25:36","slug":"hyrox-sstep-accueil","status":"publish","type":"page","link":"https:\/\/3sport2025.ppawebdesign.com\/a4\/","title":{"rendered":"Accueil"},"content":{"rendered":"<p>[et_pb_section fb_built=\u00a0\u00bb1&Prime; _builder_version=\u00a0\u00bb4.27.4&Prime; _module_preset=\u00a0\u00bbdefault\u00a0\u00bb background_color=\u00a0\u00bb#F1FF46&Prime; global_colors_info=\u00a0\u00bb{}\u00a0\u00bb][et_pb_row column_structure=\u00a0\u00bb2_5,3_5&Prime; _builder_version=\u00a0\u00bb4.27.4&Prime; _module_preset=\u00a0\u00bbdefault\u00a0\u00bb global_colors_info=\u00a0\u00bb{}\u00a0\u00bb][et_pb_column type=\u00a0\u00bb2_5&Prime; _builder_version=\u00a0\u00bb4.27.4&Prime; _module_preset=\u00a0\u00bbdefault\u00a0\u00bb global_colors_info=\u00a0\u00bb{}\u00a0\u00bb][et_pb_image title_text=\u00a0\u00bbIMG_1699 2&Prime; url=\u00a0\u00bbhttps:\/\/www.instagram.com\/sstep.agency?igsh=amo2a2E5bjZ6cWln\u00a0\u00bb _builder_version=\u00a0\u00bb4.27.4&Prime; _module_preset=\u00a0\u00bbdefault\u00a0\u00bb background_image=\u00a0\u00bbhttps:\/\/3sport2025.ppawebdesign.com\/a4\/wp-content\/uploads\/sites\/5\/2025\/12\/IMG_1699-2.jpg\u00a0\u00bb custom_margin=\u00a0\u00bb||98px|||\u00a0\u00bb custom_padding=\u00a0\u00bb||361px|||\u00a0\u00bb global_colors_info=\u00a0\u00bb{}\u00a0\u00bb][\/et_pb_image][\/et_pb_column][et_pb_column type=\u00a0\u00bb3_5&Prime; _builder_version=\u00a0\u00bb4.27.4&Prime; _module_preset=\u00a0\u00bbdefault\u00a0\u00bb global_colors_info=\u00a0\u00bb{}\u00a0\u00bb][et_pb_text _builder_version=\u00a0\u00bb4.27.4&Prime; _module_preset=\u00a0\u00bbdefault\u00a0\u00bb text_font=\u00a0\u00bbFjalla One|800|||||||\u00a0\u00bb text_text_color=\u00a0\u00bb#000000&Prime; text_font_size=\u00a0\u00bb26px\u00a0\u00bb text_line_height=\u00a0\u00bb1em\u00a0\u00bb header_font=\u00a0\u00bb|800|||||||\u00a0\u00bb text_orientation=\u00a0\u00bbcenter\u00a0\u00bb global_colors_info=\u00a0\u00bb{}\u00a0\u00bb]<\/p>\n<h1 style=\"text-align: left\">HYROX SSTEP \u2013 Le Challenge 100% \u00c9tudiant<\/h1>\n<p>[\/et_pb_text][et_pb_text _builder_version=\u00a0\u00bb4.27.4&Prime; _module_preset=\u00a0\u00bbdefault\u00a0\u00bb text_font=\u00a0\u00bbFira Sans||||||||\u00a0\u00bb text_font_size=\u00a0\u00bb19px\u00a0\u00bb text_line_height=\u00a0\u00bb1.9em\u00a0\u00bb global_colors_info=\u00a0\u00bb{}\u00a0\u00bb]<\/p>\n<p>Un \u00e9v\u00e9nement sportif pour les \u00e9tudiants accessible \u00e0 tous les niveaux.<br data-start=\"449\" data-end=\"452\" \/>Viens te d\u00e9passer, surprends-toi et vis une exp\u00e9rience unique.<\/p>\n<p>&nbsp;<\/p>\n<ul>\n<li>Un format dynamique qui mixe course + exercices fonctionnels adapt\u00e9s aux \u00e9tudiants.<\/li>\n<li>Une ambiance motivante, \u00e9nergique et bienveillante pour progresser ensemble.<\/li>\n<li>Gratuit, ouvert \u00e0 tous, pens\u00e9 sp\u00e9cialement pour les \u00e9tudiants.<\/li>\n<\/ul>\n<p>[\/et_pb_text][et_pb_button button_url=\u00a0\u00bbhttps:\/\/3sport2025.ppawebdesign.com\/a4\/inscription\/\u00a0\u00bb button_text=\u00a0\u00bbJE M&rsquo;INSCRIS\u00a0\u00bb button_alignment=\u00a0\u00bbright\u00a0\u00bb _builder_version=\u00a0\u00bb4.27.4&Prime; _module_preset=\u00a0\u00bbdefault\u00a0\u00bb custom_button=\u00a0\u00bbon\u00a0\u00bb button_text_color=\u00a0\u00bb#3C6B28&Prime; button_border_radius=\u00a0\u00bb15px\u00a0\u00bb button_font=\u00a0\u00bbFira Sans|600|||||||\u00a0\u00bb animation_style=\u00a0\u00bbbounce\u00a0\u00bb animation_duration=\u00a0\u00bb950ms\u00a0\u00bb box_shadow_style=\u00a0\u00bbpreset2&Prime; box_shadow_horizontal=\u00a0\u00bb4px\u00a0\u00bb box_shadow_vertical=\u00a0\u00bb3px\u00a0\u00bb box_shadow_blur=\u00a0\u00bb13px\u00a0\u00bb box_shadow_spread=\u00a0\u00bb2px\u00a0\u00bb global_colors_info=\u00a0\u00bb{}\u00a0\u00bb][\/et_pb_button][\/et_pb_column][\/et_pb_row][et_pb_row _builder_version=\u00a0\u00bb4.27.4&Prime; _module_preset=\u00a0\u00bbdefault\u00a0\u00bb global_colors_info=\u00a0\u00bb{}\u00a0\u00bb][et_pb_column type=\u00a0\u00bb4_4&Prime; _builder_version=\u00a0\u00bb4.27.4&Prime; _module_preset=\u00a0\u00bbdefault\u00a0\u00bb global_colors_info=\u00a0\u00bb{}\u00a0\u00bb][et_pb_slider _builder_version=\u00a0\u00bb4.27.4&Prime; _module_preset=\u00a0\u00bbdefault\u00a0\u00bb background_image=\u00a0\u00bbhttps:\/\/3sport2025.ppawebdesign.com\/a4\/wp-content\/uploads\/sites\/5\/2025\/12\/IMG_5645.jpg\u00a0\u00bb custom_button=\u00a0\u00bbon\u00a0\u00bb button_font=\u00a0\u00bbFira Sans||||||||\u00a0\u00bb global_colors_info=\u00a0\u00bb{}\u00a0\u00bb][et_pb_slide heading=\u00a0\u00bbC\u2019est quoi HYROX SSTEP ?\u00a0\u00bb button_text=\u00a0\u00bbD\u00e9couvrir l&rsquo;\u00e9v\u00e9nement\u00a0\u00bb button_link=\u00a0\u00bbhttps:\/\/3sport2025.ppawebdesign.com\/a4\/concept-hyrox-sstep\/\u00a0\u00bb _builder_version=\u00a0\u00bb4.27.4&Prime; _module_preset=\u00a0\u00bbdefault\u00a0\u00bb header_font=\u00a0\u00bbFjalla One||||||||\u00a0\u00bb body_font=\u00a0\u00bbFira Sans||||||||\u00a0\u00bb background_color=\u00a0\u00bbRGBA(255,255,255,0)\u00a0\u00bb background_enable_color=\u00a0\u00bbon\u00a0\u00bb custom_button=\u00a0\u00bbon\u00a0\u00bb button_font=\u00a0\u00bbFira Sans||||||||\u00a0\u00bb global_colors_info=\u00a0\u00bb{}\u00a0\u00bb sticky_transition=\u00a0\u00bbon\u00a0\u00bb]<\/p>\n<p data-start=\"927\" data-end=\"1084\" style=\"text-align: center\"><strong>HYROX SSTEP est un \u00e9v\u00e9nement sportif pour les \u00e9tudiants tir\u00e9 du c\u00e9l\u00e8bre concept HYROX.<\/strong><br data-start=\"990\" data-end=\"993\" \/><strong>Le parcours combine course, cardio et ateliers fonctionnels dans un format 100% accessible.<\/strong><\/p>\n<p data-start=\"1086\" data-end=\"1179\"><strong>Que tu sois sportif r\u00e9gulier, occasionnel ou d\u00e9butant :<\/strong><br data-start=\"1141\" data-end=\"1144\" \/><strong data-start=\"1144\" data-end=\"1179\">cet \u00e9v\u00e9nement est fait pour toi.<\/strong><\/p>\n<p>[\/et_pb_slide][et_pb_slide heading=\u00a0\u00bbPourquoi participer a l&rsquo;\u00e9v\u00e9nement ?\u00a0\u00bb button_text=\u00a0\u00bbParcours &amp; \u00c9preuves\u00a0\u00bb button_link=\u00a0\u00bbhttps:\/\/3sport2025.ppawebdesign.com\/a4\/parcours-epreuves\/\u00a0\u00bb _builder_version=\u00a0\u00bb4.27.4&Prime; _module_preset=\u00a0\u00bbdefault\u00a0\u00bb header_font=\u00a0\u00bbFjalla One||||||||\u00a0\u00bb body_font=\u00a0\u00bbFira Sans||||||||\u00a0\u00bb global_colors_info=\u00a0\u00bb{}\u00a0\u00bb sticky_transition=\u00a0\u00bbon\u00a0\u00bb]<\/p>\n<p data-start=\"1442\" data-end=\"1473\"><strong>Accessible \u00e0 tous les niveaux\u00a0<\/strong><\/p>\n<p data-start=\"1476\" data-end=\"1503\"><strong>Ambiance fun et motivante<\/strong><\/p>\n<p data-start=\"1476\" data-end=\"1503\"><strong>D\u00e9passement de soi garanti<\/strong><\/p>\n<p data-start=\"1537\" data-end=\"1577\"><strong>Gratuit et ouvert \u00e0 tous les \u00e9tudiants<\/strong><\/p>\n<p data-start=\"1580\" data-end=\"1637\"><strong>Une exp\u00e9rience sportive originale \u00e0 partager entre amis<\/strong><\/p>\n<p>[\/et_pb_slide][\/et_pb_slider][\/et_pb_column][\/et_pb_row][et_pb_row column_structure=\u00a0\u00bb1_2,1_2&Prime; _builder_version=\u00a0\u00bb4.27.4&Prime; _module_preset=\u00a0\u00bbdefault\u00a0\u00bb global_colors_info=\u00a0\u00bb{}\u00a0\u00bb][et_pb_column type=\u00a0\u00bb1_2&Prime; _builder_version=\u00a0\u00bb4.27.4&Prime; _module_preset=\u00a0\u00bbdefault\u00a0\u00bb global_colors_info=\u00a0\u00bb{}\u00a0\u00bb][et_pb_image src=\u00a0\u00bbhttps:\/\/3sport2025.ppawebdesign.com\/a4\/wp-content\/uploads\/sites\/5\/2025\/12\/IMG_5648.jpg\u00a0\u00bb title_text=\u00a0\u00bbScreenshot\u00a0\u00bb _builder_version=\u00a0\u00bb4.27.4&Prime; _module_preset=\u00a0\u00bbdefault\u00a0\u00bb global_colors_info=\u00a0\u00bb{}\u00a0\u00bb][\/et_pb_image][\/et_pb_column][et_pb_column type=\u00a0\u00bb1_2&Prime; _builder_version=\u00a0\u00bb4.27.4&Prime; _module_preset=\u00a0\u00bbdefault\u00a0\u00bb global_colors_info=\u00a0\u00bb{}\u00a0\u00bb][et_pb_text _builder_version=\u00a0\u00bb4.27.4&Prime; _module_preset=\u00a0\u00bbdefault\u00a0\u00bb text_font=\u00a0\u00bbFira Sans||||||||\u00a0\u00bb global_colors_info=\u00a0\u00bb{}\u00a0\u00bb]<\/p>\n<p style=\"text-align: center\"><strong><\/strong><\/p>\n<p style=\"text-align: center\"><strong><\/strong><\/p>\n<p style=\"text-align: center\"><strong><\/strong><\/p>\n<p style=\"text-align: center\"><strong><\/strong><\/p>\n<p style=\"text-align: center\"><strong><\/strong><\/p>\n<p style=\"text-align: left\"><strong><\/strong><\/p>\n<p style=\"text-align: left\"><strong><\/strong><\/p>\n<p style=\"text-align: left\"><strong>Les infos cl\u00e9s<\/strong><\/p>\n<p data-start=\"1255\" data-end=\"1404\">\ud83d\udcc5 <strong data-start=\"1258\" data-end=\"1268\">Date :<\/strong> Mardi 9 d\u00e9cembre 2025<br data-start=\"1290\" data-end=\"1293\" \/>\u23f0 <strong data-start=\"1295\" data-end=\"1309\">Horaires :<\/strong> 11h15 \u2013 17h15<br data-start=\"1323\" data-end=\"1326\" \/>\ud83d\udccd <strong data-start=\"1329\" data-end=\"1339\">Lieu :<\/strong> Campus PPA Montsourit\u00a0<br data-start=\"1355\" data-end=\"1358\" \/>\ud83d\udcb8 <strong data-start=\"1361\" data-end=\"1371\">Prix :<\/strong> Gratuit<br data-start=\"1379\" data-end=\"1382\" \/>\ud83d\udc65 <strong data-start=\"1385\" data-end=\"1397\">Format :<\/strong> Solo<\/p>\n<p>[\/et_pb_text][et_pb_button button_url=\u00a0\u00bbhttps:\/\/3sport2025.ppawebdesign.com\/a4\/infos-pratiques\/\u00a0\u00bb button_text=\u00a0\u00bbINFOS PRATIQUES\u00a0\u00bb button_alignment=\u00a0\u00bbright\u00a0\u00bb _builder_version=\u00a0\u00bb4.27.4&Prime; _module_preset=\u00a0\u00bbdefault\u00a0\u00bb custom_button=\u00a0\u00bbon\u00a0\u00bb button_text_color=\u00a0\u00bb#3C6B28&Prime; button_border_radius=\u00a0\u00bb15px\u00a0\u00bb button_font=\u00a0\u00bbFira Sans|600|||||||\u00a0\u00bb animation_style=\u00a0\u00bbbounce\u00a0\u00bb animation_duration=\u00a0\u00bb950ms\u00a0\u00bb box_shadow_style=\u00a0\u00bbpreset2&Prime; box_shadow_horizontal=\u00a0\u00bb4px\u00a0\u00bb box_shadow_vertical=\u00a0\u00bb3px\u00a0\u00bb box_shadow_blur=\u00a0\u00bb13px\u00a0\u00bb box_shadow_spread=\u00a0\u00bb2px\u00a0\u00bb global_colors_info=\u00a0\u00bb{}\u00a0\u00bb][\/et_pb_button][\/et_pb_column][\/et_pb_row][\/et_pb_section]<\/p>\n","protected":false},"excerpt":{"rendered":"<p>HYROX SSTEP \u2013 Le Challenge 100% \u00c9tudiantUn \u00e9v\u00e9nement sportif pour les \u00e9tudiants accessible \u00e0 tous les niveaux.Viens te d\u00e9passer, surprends-toi et vis une exp\u00e9rience unique. &nbsp; Un format dynamique qui mixe course + exercices fonctionnels adapt\u00e9s aux \u00e9tudiants. Une ambiance motivante, \u00e9nergique et bienveillante pour progresser ensemble. Gratuit, ouvert \u00e0 tous, pens\u00e9 sp\u00e9cialement pour les [&hellip;]<\/p>\n","protected":false},"author":18,"featured_media":0,"parent":0,"menu_order":0,"comment_status":"closed","ping_status":"closed","template":"","meta":{"_et_pb_use_builder":"on","_et_pb_old_content":"","_et_gb_content_width":"","footnotes":""},"class_list":["post-18","page","type-page","status-publish","hentry"],"yoast_head":"<!-- This site is optimized with the Yoast SEO plugin v26.5 - https:\/\/yoast.com\/wordpress\/plugins\/seo\/ -->\n<title>Hyrox sstep - SSTEPAGENCY<\/title>\n<meta name=\"description\" content=\"SSTEP HYROX, un \u00e9v\u00e9nement sportif accessible \u00e0 tous les niveaux pour \u00e9tudiant. Viens te d\u00e9passer, surprends-toi et vis une exp\u00e9rience unique.\" \/>\n<meta name=\"robots\" content=\"index, follow, max-snippet:-1, max-image-preview:large, max-video-preview:-1\" \/>\n<link rel=\"canonical\" href=\"https:\/\/3sport2025.ppawebdesign.com\/a4\/\" \/>\n<meta property=\"og:locale\" content=\"fr_FR\" \/>\n<meta property=\"og:type\" content=\"article\" \/>\n<meta property=\"og:title\" content=\"Hyrox sstep - SSTEPAGENCY\" \/>\n<meta property=\"og:description\" content=\"SSTEP HYROX, un \u00e9v\u00e9nement sportif accessible \u00e0 tous les niveaux pour \u00e9tudiant. Viens te d\u00e9passer, surprends-toi et vis une exp\u00e9rience unique.\" \/>\n<meta property=\"og:url\" content=\"https:\/\/3sport2025.ppawebdesign.com\/a4\/\" \/>\n<meta property=\"og:site_name\" content=\"SSTEPAGENCY\" \/>\n<meta property=\"article:modified_time\" content=\"2025-12-04T15:25:36+00:00\" \/>\n<meta name=\"twitter:card\" content=\"summary_large_image\" \/>\n<meta name=\"twitter:label1\" content=\"Dur\u00e9e de lecture estim\u00e9e\" \/>\n\t<meta name=\"twitter:data1\" content=\"2 minutes\" \/>\n<script type=\"application\/ld+json\" class=\"yoast-schema-graph\">{\"@context\":\"https:\/\/schema.org\",\"@graph\":[{\"@type\":\"WebPage\",\"@id\":\"https:\/\/3sport2025.ppawebdesign.com\/a4\/\",\"url\":\"https:\/\/3sport2025.ppawebdesign.com\/a4\/\",\"name\":\"Hyrox sstep - SSTEPAGENCY\",\"isPartOf\":{\"@id\":\"https:\/\/3sport2025.ppawebdesign.com\/a4\/#website\"},\"datePublished\":\"2025-12-02T09:41:39+00:00\",\"dateModified\":\"2025-12-04T15:25:36+00:00\",\"description\":\"SSTEP HYROX, un \u00e9v\u00e9nement sportif accessible \u00e0 tous les niveaux pour \u00e9tudiant. Viens te d\u00e9passer, surprends-toi et vis une exp\u00e9rience unique.\",\"breadcrumb\":{\"@id\":\"https:\/\/3sport2025.ppawebdesign.com\/a4\/#breadcrumb\"},\"inLanguage\":\"fr-FR\",\"potentialAction\":[{\"@type\":\"ReadAction\",\"target\":[\"https:\/\/3sport2025.ppawebdesign.com\/a4\/\"]}]},{\"@type\":\"BreadcrumbList\",\"@id\":\"https:\/\/3sport2025.ppawebdesign.com\/a4\/#breadcrumb\",\"itemListElement\":[{\"@type\":\"ListItem\",\"position\":1,\"name\":\"Accueil\",\"item\":\"https:\/\/3sport2025.ppawebdesign.com\/a4\/\"},{\"@type\":\"ListItem\",\"position\":2,\"name\":\"Accueil\"}]},{\"@type\":\"WebSite\",\"@id\":\"https:\/\/3sport2025.ppawebdesign.com\/a4\/#website\",\"url\":\"https:\/\/3sport2025.ppawebdesign.com\/a4\/\",\"name\":\"SSTEPAGENCY\",\"description\":\"step by step, do it different\",\"potentialAction\":[{\"@type\":\"SearchAction\",\"target\":{\"@type\":\"EntryPoint\",\"urlTemplate\":\"https:\/\/3sport2025.ppawebdesign.com\/a4\/?s={search_term_string}\"},\"query-input\":{\"@type\":\"PropertyValueSpecification\",\"valueRequired\":true,\"valueName\":\"search_term_string\"}}],\"inLanguage\":\"fr-FR\"}]}<\/script>\n<!-- \/ Yoast SEO plugin. -->","yoast_head_json":{"title":"Hyrox sstep - SSTEPAGENCY","description":"SSTEP HYROX, un \u00e9v\u00e9nement sportif accessible \u00e0 tous les niveaux pour \u00e9tudiant. Viens te d\u00e9passer, surprends-toi et vis une exp\u00e9rience unique.","robots":{"index":"index","follow":"follow","max-snippet":"max-snippet:-1","max-image-preview":"max-image-preview:large","max-video-preview":"max-video-preview:-1"},"canonical":"https:\/\/3sport2025.ppawebdesign.com\/a4\/","og_locale":"fr_FR","og_type":"article","og_title":"Hyrox sstep - SSTEPAGENCY","og_description":"SSTEP HYROX, un \u00e9v\u00e9nement sportif accessible \u00e0 tous les niveaux pour \u00e9tudiant. Viens te d\u00e9passer, surprends-toi et vis une exp\u00e9rience unique.","og_url":"https:\/\/3sport2025.ppawebdesign.com\/a4\/","og_site_name":"SSTEPAGENCY","article_modified_time":"2025-12-04T15:25:36+00:00","twitter_card":"summary_large_image","twitter_misc":{"Dur\u00e9e de lecture estim\u00e9e":"2 minutes"},"schema":{"@context":"https:\/\/schema.org","@graph":[{"@type":"WebPage","@id":"https:\/\/3sport2025.ppawebdesign.com\/a4\/","url":"https:\/\/3sport2025.ppawebdesign.com\/a4\/","name":"Hyrox sstep - SSTEPAGENCY","isPartOf":{"@id":"https:\/\/3sport2025.ppawebdesign.com\/a4\/#website"},"datePublished":"2025-12-02T09:41:39+00:00","dateModified":"2025-12-04T15:25:36+00:00","description":"SSTEP HYROX, un \u00e9v\u00e9nement sportif accessible \u00e0 tous les niveaux pour \u00e9tudiant. Viens te d\u00e9passer, surprends-toi et vis une exp\u00e9rience unique.","breadcrumb":{"@id":"https:\/\/3sport2025.ppawebdesign.com\/a4\/#breadcrumb"},"inLanguage":"fr-FR","potentialAction":[{"@type":"ReadAction","target":["https:\/\/3sport2025.ppawebdesign.com\/a4\/"]}]},{"@type":"BreadcrumbList","@id":"https:\/\/3sport2025.ppawebdesign.com\/a4\/#breadcrumb","itemListElement":[{"@type":"ListItem","position":1,"name":"Accueil","item":"https:\/\/3sport2025.ppawebdesign.com\/a4\/"},{"@type":"ListItem","position":2,"name":"Accueil"}]},{"@type":"WebSite","@id":"https:\/\/3sport2025.ppawebdesign.com\/a4\/#website","url":"https:\/\/3sport2025.ppawebdesign.com\/a4\/","name":"SSTEPAGENCY","description":"step by step, do it different","potentialAction":[{"@type":"SearchAction","target":{"@type":"EntryPoint","urlTemplate":"https:\/\/3sport2025.ppawebdesign.com\/a4\/?s={search_term_string}"},"query-input":{"@type":"PropertyValueSpecification","valueRequired":true,"valueName":"search_term_string"}}],"inLanguage":"fr-FR"}]}},"_links":{"self":[{"href":"https:\/\/3sport2025.ppawebdesign.com\/a4\/wp-json\/wp\/v2\/pages\/18","targetHints":{"allow":["GET"]}}],"collection":[{"href":"https:\/\/3sport2025.ppawebdesign.com\/a4\/wp-json\/wp\/v2\/pages"}],"about":[{"href":"https:\/\/3sport2025.ppawebdesign.com\/a4\/wp-json\/wp\/v2\/types\/page"}],"author":[{"embeddable":true,"href":"https:\/\/3sport2025.ppawebdesign.com\/a4\/wp-json\/wp\/v2\/users\/18"}],"replies":[{"embeddable":true,"href":"https:\/\/3sport2025.ppawebdesign.com\/a4\/wp-json\/wp\/v2\/comments?post=18"}],"version-history":[{"count":39,"href":"https:\/\/3sport2025.ppawebdesign.com\/a4\/wp-json\/wp\/v2\/pages\/18\/revisions"}],"predecessor-version":[{"id":250,"href":"https:\/\/3sport2025.ppawebdesign.com\/a4\/wp-json\/wp\/v2\/pages\/18\/revisions\/250"}],"wp:attachment":[{"href":"https:\/\/3sport2025.ppawebdesign.com\/a4\/wp-json\/wp\/v2\/media?parent=18"}],"curies":[{"name":"wp","href":"https:\/\/api.w.org\/{rel}","templated":true}]}}