{"id":12,"date":"2025-12-02T10:41:24","date_gmt":"2025-12-02T09:41:24","guid":{"rendered":"https:\/\/3sport2025.ppawebdesign.com\/a5\/?page_id=12"},"modified":"2025-12-04T16:31:57","modified_gmt":"2025-12-04T15:31:57","slug":"notre-equipe","status":"publish","type":"page","link":"https:\/\/3sport2025.ppawebdesign.com\/a5\/notre-equipe\/","title":{"rendered":"L&rsquo;\u00e9quipe"},"content":{"rendered":"\n[et_pb_section fb_built=\u00a0\u00bb1&Prime; _builder_version=\u00a0\u00bb4.27.4&Prime; _module_preset=\u00a0\u00bbdefault\u00a0\u00bb background_color=\u00a0\u00bb#000000&Prime; global_colors_info=\u00a0\u00bb{}\u00a0\u00bb][et_pb_row _builder_version=\u00a0\u00bb4.27.4&Prime; _module_preset=\u00a0\u00bbdefault\u00a0\u00bb global_colors_info=\u00a0\u00bb{}\u00a0\u00bb][et_pb_column type=\u00a0\u00bb4_4&Prime; _builder_version=\u00a0\u00bb4.27.4&Prime; _module_preset=\u00a0\u00bbdefault\u00a0\u00bb global_colors_info=\u00a0\u00bb{}\u00a0\u00bb][et_pb_text _builder_version=\u00a0\u00bb4.27.4&Prime; _module_preset=\u00a0\u00bbdefault\u00a0\u00bb global_colors_info=\u00a0\u00bb{}\u00a0\u00bb]<h1>NOTRE \u00c9QUIPE<\/h1>[\/et_pb_text][et_pb_text _builder_version=\u00a0\u00bb4.27.4&Prime; _module_preset=\u00a0\u00bbdefault\u00a0\u00bb hover_enabled=\u00a0\u00bb0&Prime; global_colors_info=\u00a0\u00bb{}\u00a0\u00bb sticky_enabled=\u00a0\u00bb0&Prime;]<p data-start=\"156\" data-end=\"1015\"><span style=\"color: #ffffff\">Notre \u00e9quipe est compos\u00e9e de profils tr\u00e8s divers, mais surtout parfaitement compl\u00e9mentaires, ce qui constitue l\u2019une de nos plus grandes forces. En effet, chacun d\u2019entre nous apporte une expertise sp\u00e9cifique et indispensable. Certains se distinguent par leurs comp\u00e9tences en logistique, ce qui leur permet de g\u00e9rer avec efficacit\u00e9 les aspects op\u00e9rationnels de nos projets. D\u2019autres, en revanche, excellent dans la communication et contribuent, gr\u00e2ce \u00e0 leur cr\u00e9ativit\u00e9, \u00e0 valoriser nos actions aupr\u00e8s de la communaut\u00e9 \u00e9tudiante. Enfin, certains membres poss\u00e8dent une v\u00e9ritable ma\u00eetrise de l\u2019organisation ou de l\u2019administration, ce qui garantit une gestion structur\u00e9e, rigoureuse et harmonieuse de l\u2019ensemble de nos initiatives. Ainsi, gr\u00e2ce \u00e0 cette diversit\u00e9 de comp\u00e9tences, nous couvrons l\u2019ensemble des besoins n\u00e9cessaires \u00e0 la r\u00e9ussite d\u2019un \u00e9v\u00e9nement sportif.<\/span><\/p>\n<p data-start=\"1017\" data-end=\"1763\"><span style=\"color: #ffffff\">Par ailleurs, nous sommes six \u00e9tudiants en troisi\u00e8me ann\u00e9e \u00e0 PPA Sport et nous partageons tous une passion commune : le sport. Cette passion, qui nous unit naturellement, constitue non seulement notre moteur principal, mais \u00e9galement le fondement de notre engagement. Elle nourrit notre motivation, stimule notre ambition et nous pousse continuellement \u00e0 nous d\u00e9passer dans chaque projet que nous entreprenons. De plus, au fil de nos \u00e9tudes et de nos premi\u00e8res exp\u00e9riences professionnelles, nous avons acquis des connaissances solides en gestion, marketing, \u00e9v\u00e9nementiel, sponsoring ainsi qu\u2019en animation de communaut\u00e9s sportives. Aujourd\u2019hui, nous souhaitons mettre ces comp\u00e9tences en pratique afin de d\u00e9velopper nos propres \u00e9v\u00e9nements sportifs.<\/span><\/p>\n<p data-start=\"1507\" data-end=\"2096\"><\/p>[\/et_pb_text][\/et_pb_column][\/et_pb_row][et_pb_row column_structure=\u00a0\u00bb1_3,1_3,1_3&Prime; _builder_version=\u00a0\u00bb4.27.4&Prime; _module_preset=\u00a0\u00bbdefault\u00a0\u00bb background_color=\u00a0\u00bbRGBA(255,255,255,0)\u00a0\u00bb global_colors_info=\u00a0\u00bb{}\u00a0\u00bb][et_pb_column type=\u00a0\u00bb1_3&Prime; _builder_version=\u00a0\u00bb4.27.4&Prime; _module_preset=\u00a0\u00bbdefault\u00a0\u00bb global_colors_info=\u00a0\u00bb{}\u00a0\u00bb][et_pb_image src=\u00a0\u00bbhttps:\/\/3sport2025.ppawebdesign.com\/a5\/wp-content\/uploads\/sites\/6\/2025\/12\/Design-sans-titre-3-1.jpg\u00a0\u00bb title_text=\u00a0\u00bbDesign sans titre (3)\u00a0\u00bb align=\u00a0\u00bbcenter\u00a0\u00bb _builder_version=\u00a0\u00bb4.27.4&Prime; _module_preset=\u00a0\u00bbdefault\u00a0\u00bb height=\u00a0\u00bb167px\u00a0\u00bb max_height=\u00a0\u00bb1000px\u00a0\u00bb hover_enabled=\u00a0\u00bb0&Prime; border_radii=\u00a0\u00bbon|100000px|100000px|100000px|100000px\u00a0\u00bb border_width_all=\u00a0\u00bb3px\u00a0\u00bb border_color_all=\u00a0\u00bb#339f7e\u00a0\u00bb global_colors_info=\u00a0\u00bb{}\u00a0\u00bb width=\u00a0\u00bb100%\u00a0\u00bb min_height=\u00a0\u00bb100px\u00a0\u00bb sticky_enabled=\u00a0\u00bb0&Prime; max_width=\u00a0\u00bb100%\u00a0\u00bb][\/et_pb_image][et_pb_text _builder_version=\u00a0\u00bb4.27.4&Prime; _module_preset=\u00a0\u00bbdefault\u00a0\u00bb custom_margin=\u00a0\u00bb10px||10px||false|false\u00a0\u00bb hover_enabled=\u00a0\u00bb0&Prime; global_colors_info=\u00a0\u00bb{}\u00a0\u00bb custom_padding=\u00a0\u00bb|||4px||\u00a0\u00bb text_font_size=\u00a0\u00bb13px\u00a0\u00bb sticky_enabled=\u00a0\u00bb0&Prime;]<p style=\"text-align: center\"><span style=\"color: #339966\"><strong>RESPONSABLE <\/strong><\/span><span style=\"color: #339966\"><strong>ADMINISTRATION<\/strong><\/span><\/p>\n<p style=\"text-align: center\"><strong><span style=\"color: #339966\">MATHIS FEILLEL<\/span><\/strong><\/p>\n<p style=\"text-align: center\">[\/et_pb_text][\/et_pb_column][et_pb_column type=\u00a0\u00bb1_3&Prime; _builder_version=\u00a0\u00bb4.27.4&Prime; _module_preset=\u00a0\u00bbdefault\u00a0\u00bb global_colors_info=\u00a0\u00bb{}\u00a0\u00bb][et_pb_image src=\u00a0\u00bbhttps:\/\/3sport2025.ppawebdesign.com\/a5\/wp-content\/uploads\/sites\/6\/2025\/12\/Design-sans-titre-2-1.jpg\u00a0\u00bb title_text=\u00a0\u00bbDesign sans titre (2)\u00a0\u00bb align=\u00a0\u00bbcenter\u00a0\u00bb _builder_version=\u00a0\u00bb4.27.4&Prime; _module_preset=\u00a0\u00bbdefault\u00a0\u00bb height=\u00a0\u00bb166px\u00a0\u00bb max_height=\u00a0\u00bb1000px\u00a0\u00bb hover_enabled=\u00a0\u00bb0&Prime; border_radii=\u00a0\u00bbon|100000px|100000px|100000px|100000px\u00a0\u00bb border_width_all=\u00a0\u00bb2px\u00a0\u00bb border_color_all=\u00a0\u00bb#339f7e\u00a0\u00bb global_colors_info=\u00a0\u00bb{}\u00a0\u00bb sticky_enabled=\u00a0\u00bb0&Prime;][\/et_pb_image][et_pb_text _builder_version=\u00a0\u00bb4.27.4&Prime; _module_preset=\u00a0\u00bbdefault\u00a0\u00bb hover_enabled=\u00a0\u00bb0&Prime; global_colors_info=\u00a0\u00bb{}\u00a0\u00bb text_font_size=\u00a0\u00bb13px\u00a0\u00bb sticky_enabled=\u00a0\u00bb0&Prime;]<p style=\"text-align: center\"><span style=\"color: #339966\"><strong>RESPONSABLE COMMUNICATION<\/strong><\/span><\/p>\n<p style=\"text-align: center\"><span style=\"color: #339966\">LEO <span class=\"a_GcMg font-feature-liga-off font-feature-clig-off font-feature-calt-off text-decoration-none text-strikethrough-none\">ITHURSARRY<\/span><\/span><\/p>[\/et_pb_text][\/et_pb_column][et_pb_column type=\u00a0\u00bb1_3&Prime; _builder_version=\u00a0\u00bb4.27.4&Prime; _module_preset=\u00a0\u00bbdefault\u00a0\u00bb global_colors_info=\u00a0\u00bb{}\u00a0\u00bb][et_pb_image src=\u00a0\u00bbhttps:\/\/3sport2025.ppawebdesign.com\/a5\/wp-content\/uploads\/sites\/6\/2025\/12\/Design-sans-titre-4.jpg\u00a0\u00bb title_text=\u00a0\u00bbDesign sans titre (4)\u00a0\u00bb align=\u00a0\u00bbcenter\u00a0\u00bb _builder_version=\u00a0\u00bb4.27.4&Prime; _module_preset=\u00a0\u00bbdefault\u00a0\u00bb height=\u00a0\u00bb166px\u00a0\u00bb hover_enabled=\u00a0\u00bb0&Prime; border_radii=\u00a0\u00bbon|10000px|10000px|10000px|10000px\u00a0\u00bb border_width_all=\u00a0\u00bb2px\u00a0\u00bb border_color_all=\u00a0\u00bb#339f7e\u00a0\u00bb global_colors_info=\u00a0\u00bb{}\u00a0\u00bb sticky_enabled=\u00a0\u00bb0&Prime;][\/et_pb_image][et_pb_text _builder_version=\u00a0\u00bb4.27.4&Prime; _module_preset=\u00a0\u00bbdefault\u00a0\u00bb hover_enabled=\u00a0\u00bb0&Prime; global_colors_info=\u00a0\u00bb{}\u00a0\u00bb text_font_size=\u00a0\u00bb13px\u00a0\u00bb sticky_enabled=\u00a0\u00bb0&Prime;]<p style=\"text-align: center\"><strong><span style=\"color: #339966\">RESPONSABLE COMMERCIAL<\/span><\/strong><\/p>\n<p style=\"text-align: center\"><span style=\"color: #339966\">DIEGO MAAOUI<\/span><\/p>[\/et_pb_text][\/et_pb_column][\/et_pb_row][et_pb_row column_structure=\u00a0\u00bb1_3,1_3,1_3&Prime; _builder_version=\u00a0\u00bb4.27.4&Prime; _module_preset=\u00a0\u00bbdefault\u00a0\u00bb background_color=\u00a0\u00bbRGBA(255,255,255,0)\u00a0\u00bb global_colors_info=\u00a0\u00bb{}\u00a0\u00bb][et_pb_column type=\u00a0\u00bb1_3&Prime; _builder_version=\u00a0\u00bb4.27.4&Prime; _module_preset=\u00a0\u00bbdefault\u00a0\u00bb global_colors_info=\u00a0\u00bb{}\u00a0\u00bb][et_pb_image src=\u00a0\u00bbhttps:\/\/3sport2025.ppawebdesign.com\/a5\/wp-content\/uploads\/sites\/6\/2025\/12\/Design-sans-titre-5.jpg\u00a0\u00bb title_text=\u00a0\u00bbDesign sans titre (5)\u00a0\u00bb align=\u00a0\u00bbcenter\u00a0\u00bb _builder_version=\u00a0\u00bb4.27.4&Prime; _module_preset=\u00a0\u00bbdefault\u00a0\u00bb width=\u00a0\u00bb100%\u00a0\u00bb height=\u00a0\u00bb166px\u00a0\u00bb max_height=\u00a0\u00bb1000px\u00a0\u00bb custom_padding=\u00a0\u00bb0px|||||\u00a0\u00bb hover_enabled=\u00a0\u00bb0&Prime; border_radii=\u00a0\u00bbon|100000px|100000px|100000px|100000px\u00a0\u00bb border_width_all=\u00a0\u00bb2px\u00a0\u00bb border_color_all=\u00a0\u00bb#339f7e\u00a0\u00bb global_colors_info=\u00a0\u00bb{}\u00a0\u00bb sticky_enabled=\u00a0\u00bb0&Prime;][\/et_pb_image][et_pb_text _builder_version=\u00a0\u00bb4.27.4&Prime; _module_preset=\u00a0\u00bbdefault\u00a0\u00bb hover_enabled=\u00a0\u00bb0&Prime; global_colors_info=\u00a0\u00bb{}\u00a0\u00bb text_font_size=\u00a0\u00bb13px\u00a0\u00bb sticky_enabled=\u00a0\u00bb0&Prime;]<p style=\"text-align: center\"><strong><span style=\"color: #339966\">RESPONSABLE COMMERCIAL<\/span><\/strong><\/p>\n<p style=\"text-align: center\"><span class=\"a_GcMg font-feature-liga-off font-feature-clig-off font-feature-calt-off text-decoration-none text-strikethrough-none\" style=\"color: #339966\">GURVAN <\/span><span class=\"a_GcMg font-feature-liga-off font-feature-clig-off font-feature-calt-off text-decoration-none text-strikethrough-none\" style=\"color: #339966\">DURAND-KAWA<\/span><\/p>[\/et_pb_text][\/et_pb_column][et_pb_column type=\u00a0\u00bb1_3&Prime; _builder_version=\u00a0\u00bb4.27.4&Prime; _module_preset=\u00a0\u00bbdefault\u00a0\u00bb global_colors_info=\u00a0\u00bb{}\u00a0\u00bb][et_pb_image src=\u00a0\u00bbhttps:\/\/3sport2025.ppawebdesign.com\/a5\/wp-content\/uploads\/sites\/6\/2025\/12\/Design-sans-titre-6.jpg\u00a0\u00bb title_text=\u00a0\u00bbDesign sans titre (6)\u00a0\u00bb align=\u00a0\u00bbcenter\u00a0\u00bb _builder_version=\u00a0\u00bb4.27.4&Prime; _module_preset=\u00a0\u00bbdefault\u00a0\u00bb height=\u00a0\u00bb166px\u00a0\u00bb hover_enabled=\u00a0\u00bb0&Prime; border_radii=\u00a0\u00bbon|10000px|10000px|10000px|10000px\u00a0\u00bb border_width_all=\u00a0\u00bb2px\u00a0\u00bb border_color_all=\u00a0\u00bb#339f7e\u00a0\u00bb global_colors_info=\u00a0\u00bb{}\u00a0\u00bb sticky_enabled=\u00a0\u00bb0&Prime;][\/et_pb_image][et_pb_text _builder_version=\u00a0\u00bb4.27.4&Prime; _module_preset=\u00a0\u00bbdefault\u00a0\u00bb hover_enabled=\u00a0\u00bb0&Prime; global_colors_info=\u00a0\u00bb{}\u00a0\u00bb text_font_size=\u00a0\u00bb13px\u00a0\u00bb sticky_enabled=\u00a0\u00bb0&Prime;]<p style=\"text-align: center\"><strong><span style=\"color: #339966\">RESPONSABLE LOGISTIQUE<\/span><\/strong><\/p>\n<p style=\"text-align: center\"><span style=\"color: #339966\">MATHEO DORCHIES<\/span><\/p>[\/et_pb_text][\/et_pb_column][et_pb_column type=\u00a0\u00bb1_3&Prime; _builder_version=\u00a0\u00bb4.27.4&Prime; _module_preset=\u00a0\u00bbdefault\u00a0\u00bb global_colors_info=\u00a0\u00bb{}\u00a0\u00bb][et_pb_image src=\u00a0\u00bbhttps:\/\/3sport2025.ppawebdesign.com\/a5\/wp-content\/uploads\/sites\/6\/2025\/12\/Design-sans-titre-1.jpg\u00a0\u00bb title_text=\u00a0\u00bbDesign sans titre (1)\u00a0\u00bb align=\u00a0\u00bbcenter\u00a0\u00bb _builder_version=\u00a0\u00bb4.27.4&Prime; _module_preset=\u00a0\u00bbdefault\u00a0\u00bb height=\u00a0\u00bb166px\u00a0\u00bb max_height=\u00a0\u00bb1000px\u00a0\u00bb hover_enabled=\u00a0\u00bb0&Prime; border_radii=\u00a0\u00bbon|10000px|10000px|10000px|10000px\u00a0\u00bb border_width_all=\u00a0\u00bb2px\u00a0\u00bb border_color_all=\u00a0\u00bb#339f7e\u00a0\u00bb global_colors_info=\u00a0\u00bb{}\u00a0\u00bb sticky_enabled=\u00a0\u00bb0&Prime;][\/et_pb_image][et_pb_text _builder_version=\u00a0\u00bb4.27.4&Prime; _module_preset=\u00a0\u00bbdefault\u00a0\u00bb hover_enabled=\u00a0\u00bb0&Prime; global_colors_info=\u00a0\u00bb{}\u00a0\u00bb text_font_size=\u00a0\u00bb13px\u00a0\u00bb sticky_enabled=\u00a0\u00bb0&Prime;]<p style=\"text-align: center\"><span style=\"color: #339966\"><strong>RESPONSABLE EVENEMENT<\/strong><\/span><\/p>\n<p style=\"text-align: center\"><span style=\"color: #339966\">MAXENCE PRUD&rsquo;HOMME<\/span><\/p>[\/et_pb_text][\/et_pb_column][\/et_pb_row][et_pb_row _builder_version=\u00a0\u00bb4.27.4&Prime; _module_preset=\u00a0\u00bbdefault\u00a0\u00bb global_colors_info=\u00a0\u00bb{}\u00a0\u00bb][et_pb_column type=\u00a0\u00bb4_4&Prime; _builder_version=\u00a0\u00bb4.27.4&Prime; _module_preset=\u00a0\u00bbdefault\u00a0\u00bb global_colors_info=\u00a0\u00bb{}\u00a0\u00bb][et_pb_text _builder_version=\u00a0\u00bb4.27.4&Prime; _module_preset=\u00a0\u00bbdefault\u00a0\u00bb global_colors_info=\u00a0\u00bb{}\u00a0\u00bb]<p><span style=\"color: #ffffff\">Ainsi, notre objectif commun est clair : proposer aux \u00e9tudiants les meilleurs \u00e9v\u00e9nements sportifs universitaires de France. Nous souhaitons, en effet, offrir des exp\u00e9riences m\u00e9morables, accessibles et f\u00e9d\u00e9ratrices, tout en promouvant des valeurs essentielles telles que l&rsquo;esprit d\u2019\u00e9quipe, la convivialit\u00e9 et le d\u00e9passement de soi. Gr\u00e2ce \u00e0 l\u2019union de nos forces et \u00e0 notre engagement, nous sommes convaincus que nous avons tous les atouts pour garantir le succ\u00e8s de chacun de nos projets.<\/span><\/p>[\/et_pb_text][\/et_pb_column][\/et_pb_row][\/et_pb_section]\n","protected":false},"excerpt":{"rendered":"<p>NOTRE \u00c9QUIPENotre \u00e9quipe est compos\u00e9e de profils tr\u00e8s divers, mais surtout parfaitement compl\u00e9mentaires, ce qui constitue l\u2019une de nos plus grandes forces. En effet, chacun d\u2019entre nous apporte une expertise sp\u00e9cifique et indispensable. Certains se distinguent par leurs comp\u00e9tences en logistique, ce qui leur permet de g\u00e9rer avec efficacit\u00e9 les aspects op\u00e9rationnels de nos projets. [&hellip;]<\/p>\n","protected":false},"author":22,"featured_media":0,"parent":0,"menu_order":0,"comment_status":"closed","ping_status":"closed","template":"","meta":{"_et_pb_use_builder":"on","_et_pb_old_content":"","_et_gb_content_width":"","footnotes":""},"class_list":["post-12","page","type-page","status-publish","hentry"],"yoast_head":"<!-- This site is optimized with the Yoast SEO plugin v26.5 - https:\/\/yoast.com\/wordpress\/plugins\/seo\/ -->\n<title>L&#039;\u00e9quipe - Squad Up<\/title>\n<meta name=\"description\" content=\"Notre \u00e9quipe est compos\u00e9e de profils tr\u00e8s diff\u00e9rents mais tous anim\u00e9s du d\u00e9sir de vous proposer les meilleurs \u00e9v\u00e9nements sportifs \u00e9tudiants !\" \/>\n<meta name=\"robots\" content=\"index, follow, max-snippet:-1, max-image-preview:large, max-video-preview:-1\" \/>\n<link rel=\"canonical\" href=\"https:\/\/3sport2025.ppawebdesign.com\/a5\/notre-equipe\/\" \/>\n<meta property=\"og:locale\" content=\"fr_FR\" \/>\n<meta property=\"og:type\" content=\"article\" \/>\n<meta property=\"og:title\" content=\"L&#039;\u00e9quipe - Squad Up\" \/>\n<meta property=\"og:description\" content=\"Notre \u00e9quipe est compos\u00e9e de profils tr\u00e8s diff\u00e9rents mais tous anim\u00e9s du d\u00e9sir de vous proposer les meilleurs \u00e9v\u00e9nements sportifs \u00e9tudiants !\" \/>\n<meta property=\"og:url\" content=\"https:\/\/3sport2025.ppawebdesign.com\/a5\/notre-equipe\/\" \/>\n<meta property=\"og:site_name\" content=\"Squad Up\" \/>\n<meta property=\"article:modified_time\" content=\"2025-12-04T15:31:57+00:00\" \/>\n<meta name=\"twitter:card\" content=\"summary_large_image\" \/>\n<meta name=\"twitter:label1\" content=\"Dur\u00e9e de lecture estim\u00e9e\" \/>\n\t<meta name=\"twitter:data1\" content=\"3 minutes\" \/>\n<script type=\"application\/ld+json\" class=\"yoast-schema-graph\">{\"@context\":\"https:\/\/schema.org\",\"@graph\":[{\"@type\":\"WebPage\",\"@id\":\"https:\/\/3sport2025.ppawebdesign.com\/a5\/notre-equipe\/\",\"url\":\"https:\/\/3sport2025.ppawebdesign.com\/a5\/notre-equipe\/\",\"name\":\"L'\u00e9quipe - Squad Up\",\"isPartOf\":{\"@id\":\"https:\/\/3sport2025.ppawebdesign.com\/a5\/#website\"},\"datePublished\":\"2025-12-02T09:41:24+00:00\",\"dateModified\":\"2025-12-04T15:31:57+00:00\",\"description\":\"Notre \u00e9quipe est compos\u00e9e de profils tr\u00e8s diff\u00e9rents mais tous anim\u00e9s du d\u00e9sir de vous proposer les meilleurs \u00e9v\u00e9nements sportifs \u00e9tudiants !\",\"breadcrumb\":{\"@id\":\"https:\/\/3sport2025.ppawebdesign.com\/a5\/notre-equipe\/#breadcrumb\"},\"inLanguage\":\"fr-FR\",\"potentialAction\":[{\"@type\":\"ReadAction\",\"target\":[\"https:\/\/3sport2025.ppawebdesign.com\/a5\/notre-equipe\/\"]}]},{\"@type\":\"BreadcrumbList\",\"@id\":\"https:\/\/3sport2025.ppawebdesign.com\/a5\/notre-equipe\/#breadcrumb\",\"itemListElement\":[{\"@type\":\"ListItem\",\"position\":1,\"name\":\"Accueil\",\"item\":\"https:\/\/3sport2025.ppawebdesign.com\/a5\/\"},{\"@type\":\"ListItem\",\"position\":2,\"name\":\"L&rsquo;\u00e9quipe\"}]},{\"@type\":\"WebSite\",\"@id\":\"https:\/\/3sport2025.ppawebdesign.com\/a5\/#website\",\"url\":\"https:\/\/3sport2025.ppawebdesign.com\/a5\/\",\"name\":\"Squad Up\",\"description\":\"\",\"potentialAction\":[{\"@type\":\"SearchAction\",\"target\":{\"@type\":\"EntryPoint\",\"urlTemplate\":\"https:\/\/3sport2025.ppawebdesign.com\/a5\/?s={search_term_string}\"},\"query-input\":{\"@type\":\"PropertyValueSpecification\",\"valueRequired\":true,\"valueName\":\"search_term_string\"}}],\"inLanguage\":\"fr-FR\"}]}<\/script>\n<!-- \/ Yoast SEO plugin. -->","yoast_head_json":{"title":"L'\u00e9quipe - Squad Up","description":"Notre \u00e9quipe est compos\u00e9e de profils tr\u00e8s diff\u00e9rents mais tous anim\u00e9s du d\u00e9sir de vous proposer les meilleurs \u00e9v\u00e9nements sportifs \u00e9tudiants !","robots":{"index":"index","follow":"follow","max-snippet":"max-snippet:-1","max-image-preview":"max-image-preview:large","max-video-preview":"max-video-preview:-1"},"canonical":"https:\/\/3sport2025.ppawebdesign.com\/a5\/notre-equipe\/","og_locale":"fr_FR","og_type":"article","og_title":"L'\u00e9quipe - Squad Up","og_description":"Notre \u00e9quipe est compos\u00e9e de profils tr\u00e8s diff\u00e9rents mais tous anim\u00e9s du d\u00e9sir de vous proposer les meilleurs \u00e9v\u00e9nements sportifs \u00e9tudiants !","og_url":"https:\/\/3sport2025.ppawebdesign.com\/a5\/notre-equipe\/","og_site_name":"Squad Up","article_modified_time":"2025-12-04T15:31:57+00:00","twitter_card":"summary_large_image","twitter_misc":{"Dur\u00e9e de lecture estim\u00e9e":"3 minutes"},"schema":{"@context":"https:\/\/schema.org","@graph":[{"@type":"WebPage","@id":"https:\/\/3sport2025.ppawebdesign.com\/a5\/notre-equipe\/","url":"https:\/\/3sport2025.ppawebdesign.com\/a5\/notre-equipe\/","name":"L'\u00e9quipe - Squad Up","isPartOf":{"@id":"https:\/\/3sport2025.ppawebdesign.com\/a5\/#website"},"datePublished":"2025-12-02T09:41:24+00:00","dateModified":"2025-12-04T15:31:57+00:00","description":"Notre \u00e9quipe est compos\u00e9e de profils tr\u00e8s diff\u00e9rents mais tous anim\u00e9s du d\u00e9sir de vous proposer les meilleurs \u00e9v\u00e9nements sportifs \u00e9tudiants !","breadcrumb":{"@id":"https:\/\/3sport2025.ppawebdesign.com\/a5\/notre-equipe\/#breadcrumb"},"inLanguage":"fr-FR","potentialAction":[{"@type":"ReadAction","target":["https:\/\/3sport2025.ppawebdesign.com\/a5\/notre-equipe\/"]}]},{"@type":"BreadcrumbList","@id":"https:\/\/3sport2025.ppawebdesign.com\/a5\/notre-equipe\/#breadcrumb","itemListElement":[{"@type":"ListItem","position":1,"name":"Accueil","item":"https:\/\/3sport2025.ppawebdesign.com\/a5\/"},{"@type":"ListItem","position":2,"name":"L&rsquo;\u00e9quipe"}]},{"@type":"WebSite","@id":"https:\/\/3sport2025.ppawebdesign.com\/a5\/#website","url":"https:\/\/3sport2025.ppawebdesign.com\/a5\/","name":"Squad Up","description":"","potentialAction":[{"@type":"SearchAction","target":{"@type":"EntryPoint","urlTemplate":"https:\/\/3sport2025.ppawebdesign.com\/a5\/?s={search_term_string}"},"query-input":{"@type":"PropertyValueSpecification","valueRequired":true,"valueName":"search_term_string"}}],"inLanguage":"fr-FR"}]}},"_links":{"self":[{"href":"https:\/\/3sport2025.ppawebdesign.com\/a5\/wp-json\/wp\/v2\/pages\/12","targetHints":{"allow":["GET"]}}],"collection":[{"href":"https:\/\/3sport2025.ppawebdesign.com\/a5\/wp-json\/wp\/v2\/pages"}],"about":[{"href":"https:\/\/3sport2025.ppawebdesign.com\/a5\/wp-json\/wp\/v2\/types\/page"}],"author":[{"embeddable":true,"href":"https:\/\/3sport2025.ppawebdesign.com\/a5\/wp-json\/wp\/v2\/users\/22"}],"replies":[{"embeddable":true,"href":"https:\/\/3sport2025.ppawebdesign.com\/a5\/wp-json\/wp\/v2\/comments?post=12"}],"version-history":[{"count":21,"href":"https:\/\/3sport2025.ppawebdesign.com\/a5\/wp-json\/wp\/v2\/pages\/12\/revisions"}],"predecessor-version":[{"id":285,"href":"https:\/\/3sport2025.ppawebdesign.com\/a5\/wp-json\/wp\/v2\/pages\/12\/revisions\/285"}],"wp:attachment":[{"href":"https:\/\/3sport2025.ppawebdesign.com\/a5\/wp-json\/wp\/v2\/media?parent=12"}],"curies":[{"name":"wp","href":"https:\/\/api.w.org\/{rel}","templated":true}]}}