{"id":16,"date":"2025-12-02T10:43:44","date_gmt":"2025-12-02T09:43:44","guid":{"rendered":"https:\/\/3sport2025.ppawebdesign.com\/a5\/?page_id=16"},"modified":"2025-12-04T16:35:45","modified_gmt":"2025-12-04T15:35:45","slug":"nos-evenements-etudiants-lequipe-quil-vous-fausquad-up","status":"publish","type":"page","link":"https:\/\/3sport2025.ppawebdesign.com\/a5\/nos-evenements-etudiants-lequipe-quil-vous-fausquad-up\/","title":{"rendered":"Nos \u00e9v\u00e8nements"},"content":{"rendered":"\n[et_pb_section fb_built=\u00a0\u00bb1&Prime; _builder_version=\u00a0\u00bb4.27.4&Prime; _module_preset=\u00a0\u00bbdefault\u00a0\u00bb background_color=\u00a0\u00bb#161616&Prime; global_colors_info=\u00a0\u00bb{}\u00a0\u00bb][et_pb_row _builder_version=\u00a0\u00bb4.27.4&Prime; _module_preset=\u00a0\u00bbdefault\u00a0\u00bb global_colors_info=\u00a0\u00bb{}\u00a0\u00bb][et_pb_column type=\u00a0\u00bb4_4&Prime; _builder_version=\u00a0\u00bb4.27.4&Prime; _module_preset=\u00a0\u00bbdefault\u00a0\u00bb global_colors_info=\u00a0\u00bb{}\u00a0\u00bb][et_pb_text _builder_version=\u00a0\u00bb4.27.4&Prime; _module_preset=\u00a0\u00bbdefault\u00a0\u00bb text_font=\u00a0\u00bbMontserrat|900|||||||\u00a0\u00bb text_text_color=\u00a0\u00bb#F9971C\u00a0\u00bb text_font_size=\u00a0\u00bb58px\u00a0\u00bb transform_translate=\u00a0\u00bb-1px|-340px\u00a0\u00bb global_colors_info=\u00a0\u00bb{}\u00a0\u00bb]<p style=\"text-align: center\">NOS EVENEMENTS<\/p>[\/et_pb_text][\/et_pb_column][\/et_pb_row][et_pb_row _builder_version=\u00a0\u00bb4.27.4&Prime; _module_preset=\u00a0\u00bbdefault\u00a0\u00bb global_colors_info=\u00a0\u00bb{}\u00a0\u00bb][et_pb_column type=\u00a0\u00bb4_4&Prime; _builder_version=\u00a0\u00bb4.27.4&Prime; _module_preset=\u00a0\u00bbdefault\u00a0\u00bb global_colors_info=\u00a0\u00bb{}\u00a0\u00bb][et_pb_text _builder_version=\u00a0\u00bb4.27.4&Prime; _module_preset=\u00a0\u00bbdefault\u00a0\u00bb text_font=\u00a0\u00bbMontserrat|900|||||||\u00a0\u00bb text_text_color=\u00a0\u00bb#F9971C\u00a0\u00bb text_font_size=\u00a0\u00bb39px\u00a0\u00bb transform_translate=\u00a0\u00bb0px|-26px\u00a0\u00bb hover_enabled=\u00a0\u00bb0&Prime; global_colors_info=\u00a0\u00bb{}\u00a0\u00bb text_font_last_edited=\u00a0\u00bbon|phone\u00a0\u00bb text_line_height=\u00a0\u00bb1.6em\u00a0\u00bb transform_styles_last_edited=\u00a0\u00bbon|phone\u00a0\u00bb transform_scale_last_edited=\u00a0\u00bbon|phone\u00a0\u00bb transform_translate_last_edited=\u00a0\u00bbon|phone\u00a0\u00bb transform_rotate_last_edited=\u00a0\u00bbon|phone\u00a0\u00bb transform_skew_last_edited=\u00a0\u00bbon|phone\u00a0\u00bb transform_origin_last_edited=\u00a0\u00bbon|phone\u00a0\u00bb transform_translate_phone=\u00a0\u00bb0px|-103px\u00a0\u00bb sticky_enabled=\u00a0\u00bb0&Prime; text_font_tablet=\u00a0\u00bbMontserrat|900|||||||\u00a0\u00bb text_font_phone=\u00a0\u00bbMontserrat|900|||||||\u00a0\u00bb transform_translate_tablet=\u00a0\u00bb0px|-26px\u00a0\u00bb]<p style=\"text-align: center\">NOS EVENEMENTS<\/p>[\/et_pb_text][\/et_pb_column][\/et_pb_row][et_pb_row column_structure=\u00a0\u00bb1_4,1_2,1_4&Prime; _builder_version=\u00a0\u00bb4.27.4&Prime; _module_preset=\u00a0\u00bbdefault\u00a0\u00bb hover_enabled=\u00a0\u00bb0&Prime; global_colors_info=\u00a0\u00bb{}\u00a0\u00bb transform_styles_last_edited=\u00a0\u00bbon|phone\u00a0\u00bb transform_scale_last_edited=\u00a0\u00bbon|phone\u00a0\u00bb transform_translate_last_edited=\u00a0\u00bbon|phone\u00a0\u00bb transform_rotate_last_edited=\u00a0\u00bbon|phone\u00a0\u00bb transform_skew_last_edited=\u00a0\u00bbon|phone\u00a0\u00bb transform_origin_last_edited=\u00a0\u00bbon|phone\u00a0\u00bb transform_translate_phone=\u00a0\u00bb0px|-142px\u00a0\u00bb transform_scale_phone=\u00a0\u00bb86%|86%\u00a0\u00bb sticky_enabled=\u00a0\u00bb0&Prime;][et_pb_column type=\u00a0\u00bb1_4&Prime; _builder_version=\u00a0\u00bb4.27.4&Prime; _module_preset=\u00a0\u00bbdefault\u00a0\u00bb global_colors_info=\u00a0\u00bb{}\u00a0\u00bb][et_pb_image src=\u00a0\u00bbhttps:\/\/3sport2025.ppawebdesign.com\/a5\/wp-content\/uploads\/sites\/6\/2025\/12\/affiche-event-squad-up-copie.png\u00a0\u00bb title_text=\u00a0\u00bbaffiche event squad up copie\u00a0\u00bb _builder_version=\u00a0\u00bb4.27.4&Prime; _module_preset=\u00a0\u00bbdefault\u00a0\u00bb transform_scale=\u00a0\u00bb120%|120%\u00a0\u00bb transform_translate=\u00a0\u00bb102px|26px\u00a0\u00bb hover_enabled=\u00a0\u00bb0&Prime; border_width_top=\u00a0\u00bb3px\u00a0\u00bb border_color_top=\u00a0\u00bb#FFFFFF\u00a0\u00bb border_width_right=\u00a0\u00bb3px\u00a0\u00bb border_color_right=\u00a0\u00bb#FFFFFF\u00a0\u00bb border_width_bottom=\u00a0\u00bb3px\u00a0\u00bb border_color_bottom=\u00a0\u00bb#FFFFFF\u00a0\u00bb border_width_left=\u00a0\u00bb3px\u00a0\u00bb border_color_left=\u00a0\u00bb#FFFFFF\u00a0\u00bb box_shadow_style=\u00a0\u00bbpreset1&Prime; box_shadow_color=\u00a0\u00bb#F9971C\u00a0\u00bb global_colors_info=\u00a0\u00bb{}\u00a0\u00bb transform_styles_last_edited=\u00a0\u00bbon|phone\u00a0\u00bb transform_scale_last_edited=\u00a0\u00bbon|phone\u00a0\u00bb transform_translate_last_edited=\u00a0\u00bbon|phone\u00a0\u00bb transform_rotate_last_edited=\u00a0\u00bbon|phone\u00a0\u00bb transform_skew_last_edited=\u00a0\u00bbon|phone\u00a0\u00bb transform_origin_last_edited=\u00a0\u00bbon|phone\u00a0\u00bb transform_translate_phone=\u00a0\u00bb2px|-25px\u00a0\u00bb sticky_enabled=\u00a0\u00bb0&Prime; transform_scale_phone=\u00a0\u00bb74%|74%\u00a0\u00bb alt=\u00a0\u00bbAffiche de communication\u00a0\u00bb transform_scale_tablet=\u00a0\u00bb120%|120%\u00a0\u00bb transform_translate_tablet=\u00a0\u00bb102px|26px\u00a0\u00bb][\/et_pb_image][\/et_pb_column][et_pb_column type=\u00a0\u00bb1_2&Prime; _builder_version=\u00a0\u00bb4.27.4&Prime; _module_preset=\u00a0\u00bbdefault\u00a0\u00bb global_colors_info=\u00a0\u00bb{}\u00a0\u00bb][\/et_pb_column][et_pb_column type=\u00a0\u00bb1_4&Prime; _builder_version=\u00a0\u00bb4.27.4&Prime; _module_preset=\u00a0\u00bbdefault\u00a0\u00bb global_colors_info=\u00a0\u00bb{}\u00a0\u00bb][et_pb_text _builder_version=\u00a0\u00bb4.27.4&Prime; _module_preset=\u00a0\u00bbdefault\u00a0\u00bb text_font=\u00a0\u00bbRubik|600|||||||\u00a0\u00bb text_text_color=\u00a0\u00bb#FFFFFF\u00a0\u00bb text_font_size=\u00a0\u00bb16px\u00a0\u00bb transform_translate=\u00a0\u00bb-442px|2px\u00a0\u00bb custom_margin=\u00a0\u00bb|-459px||||\u00a0\u00bb custom_padding=\u00a0\u00bb|0px||||\u00a0\u00bb hover_enabled=\u00a0\u00bb0&Prime; global_colors_info=\u00a0\u00bb{}\u00a0\u00bb text_font_last_edited=\u00a0\u00bbon|phone\u00a0\u00bb sticky_enabled=\u00a0\u00bb0&Prime; transform_styles_last_edited=\u00a0\u00bbon|phone\u00a0\u00bb transform_scale_last_edited=\u00a0\u00bbon|phone\u00a0\u00bb transform_translate_last_edited=\u00a0\u00bbon|phone\u00a0\u00bb transform_rotate_last_edited=\u00a0\u00bbon|phone\u00a0\u00bb transform_skew_last_edited=\u00a0\u00bbon|phone\u00a0\u00bb transform_origin_last_edited=\u00a0\u00bbon|phone\u00a0\u00bb transform_translate_phone=\u00a0\u00bb-33px|-1px\u00a0\u00bb text_font_tablet=\u00a0\u00bbRubik|600|||||||\u00a0\u00bb text_font_phone=\u00a0\u00bbRubik|600|||||||\u00a0\u00bb transform_translate_tablet=\u00a0\u00bb-442px|2px\u00a0\u00bb]<h2 data-start=\"71\" data-end=\"237\"><strong data-start=\"71\" data-end=\"92\">L&rsquo;ARENA CUP C&rsquo;EST<\/strong><\/h2>\n<p data-start=\"71\" data-end=\"237\"><br data-start=\"92\" data-end=\"95\" \/>Un tournoi de comp\u00e9tition en 3 \u00e9preuves palpitantes<\/p>\n<p data-start=\"71\" data-end=\"237\">o\u00f9 le but est de remporter <strong data-start=\"174\" data-end=\"188\">1 victoire<\/strong><\/p>\n<p data-start=\"71\" data-end=\"237\">pour devenir le champion.<\/p>\n<p data-start=\"71\" data-end=\"237\"><strong data-start=\"217\" data-end=\"233\" data-is-only-node=\"\">Les \u00e9preuves<\/strong> :<\/p>\n<ul data-start=\"238\" data-end=\"312\">\n<li data-start=\"238\" data-end=\"256\">\n<p data-start=\"240\" data-end=\"256\">Chamboule Tout<\/p>\n<\/li>\n<li data-start=\"257\" data-end=\"278\">\n<p data-start=\"259\" data-end=\"278\">Jeu de la Lucarne<\/p>\n<\/li>\n<li data-start=\"302\" data-end=\"312\">\n<p data-start=\"304\" data-end=\"312\">1 vs 1<\/p>\n<\/li>\n<\/ul>\n<p data-start=\"314\" data-end=\"427\"><strong data-start=\"314\" data-end=\"368\">Rendez-vous le 9 d\u00e9cembre <\/strong><\/p>\n<p data-start=\"314\" data-end=\"427\"><strong data-start=\"314\" data-end=\"368\">sur le Campus Montsouris<\/strong> pour<\/p>\n<p data-start=\"314\" data-end=\"427\">d\u00e9couvrir qui sera couronn\u00e9<\/p>\n<p data-start=\"314\" data-end=\"427\">champion de l&rsquo;Ar\u00e9na Cup !<\/p>[\/et_pb_text][\/et_pb_column][\/et_pb_row][et_pb_row column_structure=\u00a0\u00bb2_5,3_5&Prime; _builder_version=\u00a0\u00bb4.27.4&Prime; _module_preset=\u00a0\u00bbdefault\u00a0\u00bb global_colors_info=\u00a0\u00bb{}\u00a0\u00bb][et_pb_column type=\u00a0\u00bb2_5&Prime; _builder_version=\u00a0\u00bb4.27.4&Prime; _module_preset=\u00a0\u00bbdefault\u00a0\u00bb global_colors_info=\u00a0\u00bb{}\u00a0\u00bb][et_pb_image src=\u00a0\u00bbhttps:\/\/3sport2025.ppawebdesign.com\/a5\/wp-content\/uploads\/sites\/6\/2025\/12\/affiche-event-squad-up.png\u00a0\u00bb title_text=\u00a0\u00bbaffiche event squad up\u00a0\u00bb _builder_version=\u00a0\u00bb4.27.4&Prime; _module_preset=\u00a0\u00bbdefault\u00a0\u00bb transform_scale=\u00a0\u00bb69%|69%\u00a0\u00bb transform_translate=\u00a0\u00bb53px|19px\u00a0\u00bb hover_enabled=\u00a0\u00bb0&Prime; border_width_top=\u00a0\u00bb4px\u00a0\u00bb border_color_top=\u00a0\u00bb#FFFFFF\u00a0\u00bb border_width_right=\u00a0\u00bb4px\u00a0\u00bb border_color_right=\u00a0\u00bb#FFFFFF\u00a0\u00bb border_width_bottom=\u00a0\u00bb4px\u00a0\u00bb border_color_bottom=\u00a0\u00bb#FFFFFF\u00a0\u00bb border_width_left=\u00a0\u00bb4px\u00a0\u00bb border_color_left=\u00a0\u00bb#FFFFFF\u00a0\u00bb box_shadow_style=\u00a0\u00bbpreset1&Prime; box_shadow_vertical=\u00a0\u00bb0px\u00a0\u00bb box_shadow_blur=\u00a0\u00bb28px\u00a0\u00bb box_shadow_color=\u00a0\u00bb#F9971C\u00a0\u00bb global_colors_info=\u00a0\u00bb{}\u00a0\u00bb transform_styles_last_edited=\u00a0\u00bbon|phone\u00a0\u00bb transform_scale_last_edited=\u00a0\u00bbon|phone\u00a0\u00bb transform_translate_last_edited=\u00a0\u00bbon|phone\u00a0\u00bb transform_rotate_last_edited=\u00a0\u00bbon|phone\u00a0\u00bb transform_skew_last_edited=\u00a0\u00bbon|phone\u00a0\u00bb transform_origin_last_edited=\u00a0\u00bbon|phone\u00a0\u00bb transform_translate_phone=\u00a0\u00bb-6px|-162px\u00a0\u00bb sticky_enabled=\u00a0\u00bb0&Prime; alt=\u00a0\u00bbAffiche de l&rsquo;\u00e9v\u00e8nement\u00a0\u00bb transform_scale_tablet=\u00a0\u00bb69%|69%\u00a0\u00bb transform_scale_phone=\u00a0\u00bb69%|69%\u00a0\u00bb transform_translate_tablet=\u00a0\u00bb53px|19px\u00a0\u00bb][\/et_pb_image][\/et_pb_column][et_pb_column type=\u00a0\u00bb3_5&Prime; _builder_version=\u00a0\u00bb4.27.4&Prime; _module_preset=\u00a0\u00bbdefault\u00a0\u00bb global_colors_info=\u00a0\u00bb{}\u00a0\u00bb][et_pb_text _builder_version=\u00a0\u00bb4.27.4&Prime; _module_preset=\u00a0\u00bbdefault\u00a0\u00bb text_font=\u00a0\u00bbRubik|600|||||||\u00a0\u00bb text_text_color=\u00a0\u00bb#FFFFFF\u00a0\u00bb text_font_size=\u00a0\u00bb16px\u00a0\u00bb transform_translate=\u00a0\u00bb-41px|87px\u00a0\u00bb hover_enabled=\u00a0\u00bb0&Prime; global_colors_info=\u00a0\u00bb{}\u00a0\u00bb content_last_edited=\u00a0\u00bbon|phone\u00a0\u00bb sticky_enabled=\u00a0\u00bb0&Prime; transform_styles_last_edited=\u00a0\u00bbon|phone\u00a0\u00bb transform_scale_last_edited=\u00a0\u00bbon|phone\u00a0\u00bb transform_translate_last_edited=\u00a0\u00bbon|phone\u00a0\u00bb transform_rotate_last_edited=\u00a0\u00bbon|phone\u00a0\u00bb transform_skew_last_edited=\u00a0\u00bbon|phone\u00a0\u00bb transform_origin_last_edited=\u00a0\u00bbon|phone\u00a0\u00bb transform_translate_phone=\u00a0\u00bb10px|-48px\u00a0\u00bb text_font_last_edited=\u00a0\u00bbon|phone\u00a0\u00bb content_tablet=\u00a0\u00bb<h2><strong data-start=\"%2270%22\" data-end=\"%2299%22\">LA LIGUE DE CRISTAL C&rsquo;EST<\/strong><\/h2>\n<p><strong data-start=\"%2270%22\" data-end=\"%2299%22\"><\/strong><\/p>\n<p>Un \u00e9v\u00e9nement \u00e9tudiant in\u00e9dit, inspir\u00e9 de la <strong data-start=\"%22155%22\" data-end=\"%22171%22\">Kings League<\/strong>, qui va faire vibrer le campus ! Pr\u00e9parez-vous \u00e0 vivre une comp\u00e9tition intense o\u00f9 les \u00e9tudiants s&rsquo;affrontent dans des matchs palpitants, ponctu\u00e9s de d\u00e9fis spectaculaires et d&rsquo;\u00e9preuves surprenantes.<\/p>\n<ul data-start=\"%22594%22\" data-end=\"%22748%22\">\n<li data-start=\"%22594%22\" data-end=\"%22653%22\">\n<p data-start=\"%22596%22\" data-end=\"%22653%22\">Des matchs en \u00e9quipe et des comp\u00e9titions individuelles,<\/p>\n<\/li>\n<li data-start=\"%22654%22\" data-end=\"%22692%22\">\n<p data-start=\"%22656%22\" data-end=\"%22692%22\">Des \u00e9preuves fun et impr\u00e9visibles,<\/p>\n<\/li>\n<li data-start=\"%22693%22\" data-end=\"%22748%22\">\n<p data-start=\"%22695%22\" data-end=\"%22748%22\">Une ambiance survolt\u00e9e et des supporters en folie !<\/p>\n<\/li>\n<\/ul>\n<p data-start=\"%22750%22\" data-end=\"%22933%22\"><strong data-start=\"%22750%22\" data-end=\"%22776%22\">Rendez-vous le 20 juin<\/strong>, sur le campus, pour une journ\u00e9e pleine de rebondissements et de surprises.<\/p>\u00a0\u00bb content_phone=\u00a0\u00bb<h2><strong data-start=\"%2270%22\" data-end=\"%2299%22\">LA LIGUE DE CRISTAL C&rsquo;EST<\/strong><\/h2>\n<p><strong data-start=\"%2270%22\" data-end=\"%2299%22\"><\/strong><\/p>\n<p>Un \u00e9v\u00e9nement \u00e9tudiant in\u00e9dit, inspir\u00e9 de la <strong data-start=\"%22155%22\" data-end=\"%22171%22\">Kings League<\/strong>, qui va faire vibrer le campus ! Pr\u00e9parez-vous \u00e0 vivre une comp\u00e9tition intense o\u00f9 les \u00e9tudiants s&rsquo;affrontent dans des matchs palpitants, ponctu\u00e9s de d\u00e9fis spectaculaires et d&rsquo;\u00e9preuves surprenantes.<\/p>\n<ul data-start=\"%22594%22\" data-end=\"%22748%22\">\n<li data-start=\"%22594%22\" data-end=\"%22653%22\">\n<p data-start=\"%22596%22\" data-end=\"%22653%22\">Des matchs en \u00e9quipe et des comp\u00e9titions individuelles,<\/p>\n<\/li>\n<li data-start=\"%22654%22\" data-end=\"%22692%22\">\n<p data-start=\"%22656%22\" data-end=\"%22692%22\">Des \u00e9preuves fun et impr\u00e9visibles,<\/p>\n<\/li>\n<li data-start=\"%22693%22\" data-end=\"%22748%22\">\n<p data-start=\"%22695%22\" data-end=\"%22748%22\">Une ambiance survolt\u00e9e et des supporters en folie !<\/p>\n<\/li>\n<\/ul>\n<p data-start=\"%22750%22\" data-end=\"%22933%22\"><strong data-start=\"%22750%22\" data-end=\"%22776%22\">Rendez-vous le 20 juin<\/strong>, sur le campus, pour une journ\u00e9e pleine de rebondissements et de surprises.<\/p>\u00a0\u00bb transform_translate_tablet=\u00a0\u00bb-41px|87px\u00a0\u00bb text_font_tablet=\u00a0\u00bbRubik|600|||||||\u00a0\u00bb text_font_phone=\u00a0\u00bbRubik|600|||||||\u00a0\u00bb]<h2><strong data-start=\"70\" data-end=\"99\">LA LIGUE DE CRISTAL C&rsquo;EST<\/strong><\/h2>\n<p><strong data-start=\"70\" data-end=\"99\"><\/strong><\/p>\n<p>Un \u00e9v\u00e9nement \u00e9tudiant in\u00e9dit, inspir\u00e9 de la <strong data-start=\"155\" data-end=\"171\">Kings League<\/strong>, qui va faire vibrer le campus ! Pr\u00e9parez-vous \u00e0 vivre une comp\u00e9tition intense o\u00f9 les \u00e9tudiants s&rsquo;affrontent dans des matchs palpitants, ponctu\u00e9s de d\u00e9fis spectaculaires et d&rsquo;\u00e9preuves surprenantes.<\/p>\n<ul data-start=\"594\" data-end=\"748\">\n<li data-start=\"594\" data-end=\"653\">\n<p data-start=\"596\" data-end=\"653\">Des matchs en \u00e9quipe et des comp\u00e9titions individuelles,<\/p>\n<\/li>\n<li data-start=\"654\" data-end=\"692\">\n<p data-start=\"656\" data-end=\"692\">Des \u00e9preuves fun et impr\u00e9visibles,<\/p>\n<\/li>\n<li data-start=\"693\" data-end=\"748\">\n<p data-start=\"695\" data-end=\"748\">Une ambiance survolt\u00e9e et des supporters en folie !<\/p>\n<\/li>\n<\/ul>\n<p data-start=\"750\" data-end=\"933\"><strong data-start=\"750\" data-end=\"776\">Rendez-vous le 20 juin<\/strong>, sur le campus, pour une journ\u00e9e pleine de rebondissements et de surprises.<\/p>[\/et_pb_text][\/et_pb_column][\/et_pb_row][et_pb_row column_structure=\u00a0\u00bb1_5,3_5,1_5&Prime; _builder_version=\u00a0\u00bb4.27.4&Prime; _module_preset=\u00a0\u00bbdefault\u00a0\u00bb global_colors_info=\u00a0\u00bb{}\u00a0\u00bb][et_pb_column type=\u00a0\u00bb1_5&Prime; _builder_version=\u00a0\u00bb4.27.4&Prime; _module_preset=\u00a0\u00bbdefault\u00a0\u00bb global_colors_info=\u00a0\u00bb{}\u00a0\u00bb][et_pb_circle_counter title=\u00a0\u00bbPlace disponible\u00a0\u00bb number=\u00a0\u00bb50&Prime; _builder_version=\u00a0\u00bb4.27.4&Prime; _module_preset=\u00a0\u00bbdefault\u00a0\u00bb hover_enabled=\u00a0\u00bb0&Prime; global_colors_info=\u00a0\u00bb{}\u00a0\u00bb transform_styles_last_edited=\u00a0\u00bbon|phone\u00a0\u00bb transform_scale_last_edited=\u00a0\u00bbon|phone\u00a0\u00bb transform_translate_last_edited=\u00a0\u00bbon|phone\u00a0\u00bb transform_rotate_last_edited=\u00a0\u00bbon|phone\u00a0\u00bb transform_skew_last_edited=\u00a0\u00bbon|phone\u00a0\u00bb transform_origin_last_edited=\u00a0\u00bbon|phone\u00a0\u00bb transform_translate_phone=\u00a0\u00bb0px|-35px\u00a0\u00bb sticky_enabled=\u00a0\u00bb0&Prime;][\/et_pb_circle_counter][\/et_pb_column][et_pb_column type=\u00a0\u00bb3_5&Prime; _builder_version=\u00a0\u00bb4.27.4&Prime; _module_preset=\u00a0\u00bbdefault\u00a0\u00bb global_colors_info=\u00a0\u00bb{}\u00a0\u00bb][et_pb_cta title=\u00a0\u00bbl&rsquo;\u00e9quipe qu&rsquo;il vous faut !!\u00a0\u00bb button_url=\u00a0\u00bbhttps:\/\/www.instagram.com\/squad_up_paris\/\u00a0\u00bb button_text=\u00a0\u00bbGo\u00a0\u00bb _builder_version=\u00a0\u00bb4.27.4&Prime; _module_preset=\u00a0\u00bbdefault\u00a0\u00bb background_color=\u00a0\u00bb#339F7E\u00a0\u00bb border_radii=\u00a0\u00bbon|52px|52px|52px|52px\u00a0\u00bb global_colors_info=\u00a0\u00bb{}\u00a0\u00bb]<p>Instagram, Tiktok, Twitter<\/p>[\/et_pb_cta][\/et_pb_column][et_pb_column type=\u00a0\u00bb1_5&Prime; _builder_version=\u00a0\u00bb4.27.4&Prime; _module_preset=\u00a0\u00bbdefault\u00a0\u00bb global_colors_info=\u00a0\u00bb{}\u00a0\u00bb][et_pb_countdown_timer title=\u00a0\u00bbDeadline\u00a0\u00bb date_time=\u00a0\u00bb2026-06-20 16:09&Prime; _builder_version=\u00a0\u00bb4.27.4&Prime; _module_preset=\u00a0\u00bbdefault\u00a0\u00bb use_background_color=\u00a0\u00bboff\u00a0\u00bb border_radii=\u00a0\u00bbon|24px|24px|24px|24px\u00a0\u00bb global_colors_info=\u00a0\u00bb{}\u00a0\u00bb][\/et_pb_countdown_timer][\/et_pb_column][\/et_pb_row][\/et_pb_section]\n","protected":false},"excerpt":{"rendered":"<p>NOS EVENEMENTSNOS EVENEMENTSL&rsquo;ARENA CUP C&rsquo;EST Un tournoi de comp\u00e9tition en 3 \u00e9preuves palpitantes o\u00f9 le but est de remporter 1 victoire pour devenir le champion. Les \u00e9preuves : Chamboule Tout Jeu de la Lucarne 1 vs 1 Rendez-vous le 9 d\u00e9cembre sur le Campus Montsouris pour d\u00e9couvrir qui sera couronn\u00e9 champion de l&rsquo;Ar\u00e9na Cup !LA [&hellip;]<\/p>\n","protected":false},"author":26,"featured_media":0,"parent":0,"menu_order":0,"comment_status":"closed","ping_status":"closed","template":"","meta":{"_et_pb_use_builder":"on","_et_pb_old_content":"","_et_gb_content_width":"","footnotes":""},"class_list":["post-16","page","type-page","status-publish","hentry"],"yoast_head":"<!-- This site is optimized with the Yoast SEO plugin v26.5 - https:\/\/yoast.com\/wordpress\/plugins\/seo\/ -->\n<title>Liste de nos \u00e9v\u00e8nements sportif \u00e9tudiants - Squad up<\/title>\n<meta name=\"description\" content=\"&quot;L&#039;\u00e9quipe qu&#039;il vous faut Squad UP ! D\u00e9couvrez nos \u00e9v\u00e9nements \u00e9tudiants et rel\u00e8ve les d\u00e9fis de l&#039;Arena cup et de la ligue de cristal.\" \/>\n<meta name=\"robots\" content=\"index, follow, max-snippet:-1, max-image-preview:large, max-video-preview:-1\" \/>\n<link rel=\"canonical\" href=\"https:\/\/3sport2025.ppawebdesign.com\/a5\/nos-evenements-etudiants-lequipe-quil-vous-fausquad-up\/\" \/>\n<meta property=\"og:locale\" content=\"fr_FR\" \/>\n<meta property=\"og:type\" content=\"article\" \/>\n<meta property=\"og:title\" content=\"Liste de nos \u00e9v\u00e8nements sportif \u00e9tudiants - Squad up\" \/>\n<meta property=\"og:description\" content=\"&quot;L&#039;\u00e9quipe qu&#039;il vous faut Squad UP ! D\u00e9couvrez nos \u00e9v\u00e9nements \u00e9tudiants et rel\u00e8ve les d\u00e9fis de l&#039;Arena cup et de la ligue de cristal.\" \/>\n<meta property=\"og:url\" content=\"https:\/\/3sport2025.ppawebdesign.com\/a5\/nos-evenements-etudiants-lequipe-quil-vous-fausquad-up\/\" \/>\n<meta property=\"og:site_name\" content=\"Squad Up\" \/>\n<meta property=\"article:modified_time\" content=\"2025-12-04T15:35:45+00:00\" \/>\n<meta name=\"twitter:card\" content=\"summary_large_image\" \/>\n<meta name=\"twitter:label1\" content=\"Dur\u00e9e de lecture estim\u00e9e\" \/>\n\t<meta name=\"twitter:data1\" content=\"2 minutes\" \/>\n<script type=\"application\/ld+json\" class=\"yoast-schema-graph\">{\"@context\":\"https:\/\/schema.org\",\"@graph\":[{\"@type\":\"WebPage\",\"@id\":\"https:\/\/3sport2025.ppawebdesign.com\/a5\/nos-evenements-etudiants-lequipe-quil-vous-fausquad-up\/\",\"url\":\"https:\/\/3sport2025.ppawebdesign.com\/a5\/nos-evenements-etudiants-lequipe-quil-vous-fausquad-up\/\",\"name\":\"Liste de nos \u00e9v\u00e8nements sportif \u00e9tudiants - Squad up\",\"isPartOf\":{\"@id\":\"https:\/\/3sport2025.ppawebdesign.com\/a5\/#website\"},\"datePublished\":\"2025-12-02T09:43:44+00:00\",\"dateModified\":\"2025-12-04T15:35:45+00:00\",\"description\":\"\\\"L'\u00e9quipe qu'il vous faut Squad UP ! D\u00e9couvrez nos \u00e9v\u00e9nements \u00e9tudiants et rel\u00e8ve les d\u00e9fis de l'Arena cup et de la ligue de cristal.\",\"breadcrumb\":{\"@id\":\"https:\/\/3sport2025.ppawebdesign.com\/a5\/nos-evenements-etudiants-lequipe-quil-vous-fausquad-up\/#breadcrumb\"},\"inLanguage\":\"fr-FR\",\"potentialAction\":[{\"@type\":\"ReadAction\",\"target\":[\"https:\/\/3sport2025.ppawebdesign.com\/a5\/nos-evenements-etudiants-lequipe-quil-vous-fausquad-up\/\"]}]},{\"@type\":\"BreadcrumbList\",\"@id\":\"https:\/\/3sport2025.ppawebdesign.com\/a5\/nos-evenements-etudiants-lequipe-quil-vous-fausquad-up\/#breadcrumb\",\"itemListElement\":[{\"@type\":\"ListItem\",\"position\":1,\"name\":\"Accueil\",\"item\":\"https:\/\/3sport2025.ppawebdesign.com\/a5\/\"},{\"@type\":\"ListItem\",\"position\":2,\"name\":\"Nos \u00e9v\u00e8nements\"}]},{\"@type\":\"WebSite\",\"@id\":\"https:\/\/3sport2025.ppawebdesign.com\/a5\/#website\",\"url\":\"https:\/\/3sport2025.ppawebdesign.com\/a5\/\",\"name\":\"Squad Up\",\"description\":\"\",\"potentialAction\":[{\"@type\":\"SearchAction\",\"target\":{\"@type\":\"EntryPoint\",\"urlTemplate\":\"https:\/\/3sport2025.ppawebdesign.com\/a5\/?s={search_term_string}\"},\"query-input\":{\"@type\":\"PropertyValueSpecification\",\"valueRequired\":true,\"valueName\":\"search_term_string\"}}],\"inLanguage\":\"fr-FR\"}]}<\/script>\n<!-- \/ Yoast SEO plugin. -->","yoast_head_json":{"title":"Liste de nos \u00e9v\u00e8nements sportif \u00e9tudiants - Squad up","description":"\"L'\u00e9quipe qu'il vous faut Squad UP ! D\u00e9couvrez nos \u00e9v\u00e9nements \u00e9tudiants et rel\u00e8ve les d\u00e9fis de l'Arena cup et de la ligue de cristal.","robots":{"index":"index","follow":"follow","max-snippet":"max-snippet:-1","max-image-preview":"max-image-preview:large","max-video-preview":"max-video-preview:-1"},"canonical":"https:\/\/3sport2025.ppawebdesign.com\/a5\/nos-evenements-etudiants-lequipe-quil-vous-fausquad-up\/","og_locale":"fr_FR","og_type":"article","og_title":"Liste de nos \u00e9v\u00e8nements sportif \u00e9tudiants - Squad up","og_description":"\"L'\u00e9quipe qu'il vous faut Squad UP ! D\u00e9couvrez nos \u00e9v\u00e9nements \u00e9tudiants et rel\u00e8ve les d\u00e9fis de l'Arena cup et de la ligue de cristal.","og_url":"https:\/\/3sport2025.ppawebdesign.com\/a5\/nos-evenements-etudiants-lequipe-quil-vous-fausquad-up\/","og_site_name":"Squad Up","article_modified_time":"2025-12-04T15:35:45+00:00","twitter_card":"summary_large_image","twitter_misc":{"Dur\u00e9e de lecture estim\u00e9e":"2 minutes"},"schema":{"@context":"https:\/\/schema.org","@graph":[{"@type":"WebPage","@id":"https:\/\/3sport2025.ppawebdesign.com\/a5\/nos-evenements-etudiants-lequipe-quil-vous-fausquad-up\/","url":"https:\/\/3sport2025.ppawebdesign.com\/a5\/nos-evenements-etudiants-lequipe-quil-vous-fausquad-up\/","name":"Liste de nos \u00e9v\u00e8nements sportif \u00e9tudiants - Squad up","isPartOf":{"@id":"https:\/\/3sport2025.ppawebdesign.com\/a5\/#website"},"datePublished":"2025-12-02T09:43:44+00:00","dateModified":"2025-12-04T15:35:45+00:00","description":"\"L'\u00e9quipe qu'il vous faut Squad UP ! D\u00e9couvrez nos \u00e9v\u00e9nements \u00e9tudiants et rel\u00e8ve les d\u00e9fis de l'Arena cup et de la ligue de cristal.","breadcrumb":{"@id":"https:\/\/3sport2025.ppawebdesign.com\/a5\/nos-evenements-etudiants-lequipe-quil-vous-fausquad-up\/#breadcrumb"},"inLanguage":"fr-FR","potentialAction":[{"@type":"ReadAction","target":["https:\/\/3sport2025.ppawebdesign.com\/a5\/nos-evenements-etudiants-lequipe-quil-vous-fausquad-up\/"]}]},{"@type":"BreadcrumbList","@id":"https:\/\/3sport2025.ppawebdesign.com\/a5\/nos-evenements-etudiants-lequipe-quil-vous-fausquad-up\/#breadcrumb","itemListElement":[{"@type":"ListItem","position":1,"name":"Accueil","item":"https:\/\/3sport2025.ppawebdesign.com\/a5\/"},{"@type":"ListItem","position":2,"name":"Nos \u00e9v\u00e8nements"}]},{"@type":"WebSite","@id":"https:\/\/3sport2025.ppawebdesign.com\/a5\/#website","url":"https:\/\/3sport2025.ppawebdesign.com\/a5\/","name":"Squad Up","description":"","potentialAction":[{"@type":"SearchAction","target":{"@type":"EntryPoint","urlTemplate":"https:\/\/3sport2025.ppawebdesign.com\/a5\/?s={search_term_string}"},"query-input":{"@type":"PropertyValueSpecification","valueRequired":true,"valueName":"search_term_string"}}],"inLanguage":"fr-FR"}]}},"_links":{"self":[{"href":"https:\/\/3sport2025.ppawebdesign.com\/a5\/wp-json\/wp\/v2\/pages\/16","targetHints":{"allow":["GET"]}}],"collection":[{"href":"https:\/\/3sport2025.ppawebdesign.com\/a5\/wp-json\/wp\/v2\/pages"}],"about":[{"href":"https:\/\/3sport2025.ppawebdesign.com\/a5\/wp-json\/wp\/v2\/types\/page"}],"author":[{"embeddable":true,"href":"https:\/\/3sport2025.ppawebdesign.com\/a5\/wp-json\/wp\/v2\/users\/26"}],"replies":[{"embeddable":true,"href":"https:\/\/3sport2025.ppawebdesign.com\/a5\/wp-json\/wp\/v2\/comments?post=16"}],"version-history":[{"count":19,"href":"https:\/\/3sport2025.ppawebdesign.com\/a5\/wp-json\/wp\/v2\/pages\/16\/revisions"}],"predecessor-version":[{"id":286,"href":"https:\/\/3sport2025.ppawebdesign.com\/a5\/wp-json\/wp\/v2\/pages\/16\/revisions\/286"}],"wp:attachment":[{"href":"https:\/\/3sport2025.ppawebdesign.com\/a5\/wp-json\/wp\/v2\/media?parent=16"}],"curies":[{"name":"wp","href":"https:\/\/api.w.org\/{rel}","templated":true}]}}